{"id":2680,"date":"2024-07-01T17:04:21","date_gmt":"2024-07-01T17:04:21","guid":{"rendered":"https:\/\/e-pisarna.eu\/?page_id=1160"},"modified":"2024-07-01T17:04:21","modified_gmt":"2024-07-01T17:04:21","slug":"merjene_vrednosti","status":"publish","type":"page","link":"https:\/\/e-pisarna.eu\/oddelki\/akademija\/arduino\/merjene_vrednosti\/","title":{"rendered":"Merjenje in obdelava podatkov s senzorjev"},"content":{"rendered":"\n<p>Nau\u010dite se meriti in obdelovati podatke iz razli\u010dnih senzorjev z uporabo Arduina. Ta vodi\u010d pokriva razli\u010dne vrste senzorjev, vklju\u010dno s temperaturnimi, vla\u017enostnimi, hitrostjo vetra in plinskimi <a href=\"https:\/\/e-pisarna.eu\/oddelki\/akademija\/arduino\/senzorji\/\">senzorji<\/a>, ter kako jih vklju\u010diti v va\u0161e projekte. Razumite, kako brati vrednosti senzorjev, jih pretvarjati v uporabne podatke ter prikazovati ali ukrepati na podlagi informacij. Razi\u0161\u010dite prakti\u010dne primere in nasvete za natan\u010dno in zanesljivo merjenje podatkov.<\/p>\n\n\n\n<p>Klju\u010dne besede: podatki senzorjev, merjenje, <a href=\"https:\/\/e-pisarna.eu\/oddelki\/akademija\/arduino\/\">Arduino<\/a><\/p>\n","protected":false},"excerpt":{"rendered":"<p>Nau\u010dite se meriti in obdelovati podatke iz razli\u010dnih senzorjev z uporabo Arduina. Ta vodi\u010d pokriva razli\u010dne vrste senzorjev, vklju\u010dno s temperaturnimi, vla\u017enostnimi, hitrostjo vetra in plinskimi senzorji, ter kako jih vklju\u010diti v va\u0161e projekte. Razumite, kako brati vrednosti senzorjev, jih pretvarjati v uporabne podatke ter prikazovati ali ukrepati na podlagi informacij. Razi\u0161\u010dite prakti\u010dne primere in [&hellip;]<\/p>\n","protected":false},"author":26,"featured_media":1165,"parent":2674,"menu_order":6,"comment_status":"closed","ping_status":"closed","template":"","meta":{"pagelayer_contact_templates":[],"_pagelayer_content":"","pmpro_default_level":"","footnotes":""},"class_list":["post-2680","page","type-page","status-publish","has-post-thumbnail","hentry","pmpro-has-access"],"jetpack_sharing_enabled":true,"_links":{"self":[{"href":"https:\/\/e-pisarna.eu\/oddelki\/wp-json\/wp\/v2\/pages\/2680","targetHints":{"allow":["GET"]}}],"collection":[{"href":"https:\/\/e-pisarna.eu\/oddelki\/wp-json\/wp\/v2\/pages"}],"about":[{"href":"https:\/\/e-pisarna.eu\/oddelki\/wp-json\/wp\/v2\/types\/page"}],"author":[{"embeddable":true,"href":"https:\/\/e-pisarna.eu\/oddelki\/wp-json\/wp\/v2\/users\/26"}],"replies":[{"embeddable":true,"href":"https:\/\/e-pisarna.eu\/oddelki\/wp-json\/wp\/v2\/comments?post=2680"}],"version-history":[{"count":0,"href":"https:\/\/e-pisarna.eu\/oddelki\/wp-json\/wp\/v2\/pages\/2680\/revisions"}],"up":[{"embeddable":true,"href":"https:\/\/e-pisarna.eu\/oddelki\/wp-json\/wp\/v2\/pages\/2674"}],"wp:featuredmedia":[{"embeddable":true,"href":"https:\/\/e-pisarna.eu\/oddelki\/wp-json\/wp\/v2\/media\/1165"}],"wp:attachment":[{"href":"https:\/\/e-pisarna.eu\/oddelki\/wp-json\/wp\/v2\/media?parent=2680"}],"curies":[{"name":"wp","href":"https:\/\/api.w.org\/{rel}","templated":true}]}}